{"id":2870,"date":"2023-05-09T15:57:16","date_gmt":"2023-05-09T18:57:16","guid":{"rendered":"https:\/\/mjoffice.com.br\/?post_type=product&#038;p=2870"},"modified":"2024-12-23T13:44:38","modified_gmt":"2024-12-23T16:44:38","slug":"cadeira-diretor-base-skin","status":"publish","type":"product","link":"https:\/\/mjoffice.com.br\/?product=cadeira-diretor-base-skin","title":{"rendered":"Cadeira Diretor Base Skin"},"content":{"rendered":"<p><strong>Cadeira modelo Diretor base skin em estrutura de ferro, sem bra\u00e7os,\u00a0 assento e encosto estofado em tecido.<\/strong><br \/>\n<strong>Ideal para ambientes de trabalho como: audit\u00f3rios, igrejas, \u2018homework\u2019, atendimento e recep\u00e7\u00e3o. <\/strong><\/p>\n<p><strong>Cadeira compacta e resistente. Uma \u00f3tima op\u00e7\u00e3o para ambientes funcionais.<\/strong><br \/>\n<strong>Durabilidade e conforto de maneira pr\u00e1tica e acess\u00edvel. Melhor custo-benef\u00edcio do mercado.<\/strong><\/p>\n<p><strong>* Informa\u00e7\u00f5es T\u00e9cnicas<\/strong><br \/>\n* Modelo: fixa base skin<br \/>\n* Largura: 60cm<br \/>\n* Altura: 90cm total \/ 45cm altura do ch\u00e3o at\u00e9 o assento.<br \/>\n* Profundidade: 52cm<br \/>\n* Peso do produto: 25kg<br \/>\n* Marca: Frisokar<br \/>\n* Capacidade (lugares\/peso): 01 pessoas\/ at\u00e9 120kg<\/p>\n<p><strong>Assento:<\/strong><br \/>\n&#8211; Material: Madeira anat\u00f4mica, espuma injetada, acabamento lateral em torno em perfil<br \/>\npvc preto.<br \/>\n&#8211; Dimens\u00e3o: (Alt &#8211; Larg &#8211; Compr) 58cm x 50cm x 7cm<br \/>\n<strong>Encosto:<\/strong><br \/>\n&#8211; Material: Madeira anat\u00f4mica, espuma injetada, acabamento lateral em torno em perfil pvc<br \/>\npreto.<br \/>\n&#8211; Dimens\u00e3o: (ALT &#8211; Larg &#8211; Compr) 60cm x 50cm x 7cm<br \/>\nBase: base skin<br \/>\n&#8211; Estrutura: metalon tubo redondo 7\/8&#215;16\u201d soldagem MIG com barra de refor\u00e7o nas<br \/>\nlaterais da base, acabamento ponteira pvc nas extremidades.<br \/>\n<strong>Revestimento:<\/strong><br \/>\n&#8211; Pintura da estrutura: pintura ep\u00f3xi eletrost\u00e1tica na cor preta<br \/>\n&#8211; Assento e Encosto: em tecido J serrano<br \/>\n&#8211; Modelo: executiva simples<br \/>\n&#8211; Cor: diversas cores (consulte o vendedor)<\/p>\n<p><strong>Imagens ilustrativas.<\/strong><br \/>\n&#8211; As tonalidades de cores dos produtos podem variar das visualizadas em monitores e<br \/>\nimpressos em geral.<br \/>\n<strong>Dimens\u00f5es e Peso para envio:<\/strong><br \/>\n&#8211; Peso \/ dimens\u00e3o total: (embalagem\/caixa)<br \/>\n25 kg\/60 cm \u00d7 60 cm \u00d7 95 cm (por unidade)<\/p>\n","protected":false},"excerpt":{"rendered":"<p>Cadeira modelo Diretor base skin em estrutura de ferro, sem bra\u00e7os,\u00a0 assento e encosto estofado em tecido. Ideal para ambientes de trabalho como: audit\u00f3rios, igrejas, \u2018homework\u2019, atendimento e recep\u00e7\u00e3o. Cadeira compacta e resistente. Uma \u00f3tima op\u00e7\u00e3o para ambientes funcionais. Durabilidade e conforto de maneira pr\u00e1tica e acess\u00edvel. Melhor custo-benef\u00edcio do mercado. * Informa\u00e7\u00f5es T\u00e9cnicas * [&hellip;]<\/p>\n","protected":false},"featured_media":2871,"comment_status":"open","ping_status":"closed","template":"","meta":{"site-sidebar-layout":"default","site-content-layout":"default","ast-site-content-layout":"default","site-content-style":"default","site-sidebar-style":"default","ast-global-header-display":"","ast-banner-title-visibility":"","ast-main-header-display":"","ast-hfb-above-header-display":"","ast-hfb-below-header-display":"","ast-hfb-mobile-header-display":"","site-post-title":"","ast-breadcrumbs-content":"","ast-featured-img":"","footer-sml-layout":"","ast-disable-related-posts":"","theme-transparent-header-meta":"default","adv-header-id-meta":"","stick-header-meta":"","header-above-stick-meta":"","header-main-stick-meta":"","header-below-stick-meta":"","astra-migrate-meta-layouts":"set","ast-page-background-enabled":"default","ast-page-background-meta":{"desktop":{"background-color":"","background-image":"","background-repeat":"repeat","background-position":"center center","background-size":"auto","background-attachment":"scroll","background-type":"","background-media":"","overlay-type":"","overlay-color":"","overlay-opacity":"","overlay-gradient":""},"tablet":{"background-color":"","background-image":"","background-repeat":"repeat","background-position":"center center","background-size":"auto","background-attachment":"scroll","background-type":"","background-media":"","overlay-type":"","overlay-color":"","overlay-opacity":"","overlay-gradient":""},"mobile":{"background-color":"","background-image":"","background-repeat":"repeat","background-position":"center center","background-size":"auto","background-attachment":"scroll","background-type":"","background-media":"","overlay-type":"","overlay-color":"","overlay-opacity":"","overlay-gradient":""}},"ast-content-background-meta":{"desktop":{"background-color":"var(--ast-global-color-5)","background-image":"","background-repeat":"repeat","background-position":"center center","background-size":"auto","background-attachment":"scroll","background-type":"","background-media":"","overlay-type":"","overlay-color":"","overlay-opacity":"","overlay-gradient":""},"tablet":{"background-color":"var(--ast-global-color-5)","background-image":"","background-repeat":"repeat","background-position":"center center","background-size":"auto","background-attachment":"scroll","background-type":"","background-media":"","overlay-type":"","overlay-color":"","overlay-opacity":"","overlay-gradient":""},"mobile":{"background-color":"var(--ast-global-color-5)","background-image":"","background-repeat":"repeat","background-position":"center center","background-size":"auto","background-attachment":"scroll","background-type":"","background-media":"","overlay-type":"","overlay-color":"","overlay-opacity":"","overlay-gradient":""}},"_joinchat":[]},"product_brand":[],"product_cat":[61,62,58],"product_tag":[],"class_list":{"0":"post-2870","1":"product","2":"type-product","3":"status-publish","4":"has-post-thumbnail","6":"product_cat-cadeiras","7":"product_cat-cadeiras-fixas","8":"product_cat-moveis-empresariais","9":"desktop-align-center","10":"tablet-align-left","11":"mobile-align-left","13":"first","14":"instock","15":"taxable","16":"shipping-taxable","17":"purchasable","18":"product-type-simple"},"_links":{"self":[{"href":"https:\/\/mjoffice.com.br\/index.php?rest_route=\/wp\/v2\/product\/2870","targetHints":{"allow":["GET"]}}],"collection":[{"href":"https:\/\/mjoffice.com.br\/index.php?rest_route=\/wp\/v2\/product"}],"about":[{"href":"https:\/\/mjoffice.com.br\/index.php?rest_route=\/wp\/v2\/types\/product"}],"replies":[{"embeddable":true,"href":"https:\/\/mjoffice.com.br\/index.php?rest_route=%2Fwp%2Fv2%2Fcomments&post=2870"}],"version-history":[{"count":3,"href":"https:\/\/mjoffice.com.br\/index.php?rest_route=\/wp\/v2\/product\/2870\/revisions"}],"predecessor-version":[{"id":5947,"href":"https:\/\/mjoffice.com.br\/index.php?rest_route=\/wp\/v2\/product\/2870\/revisions\/5947"}],"wp:featuredmedia":[{"embeddable":true,"href":"https:\/\/mjoffice.com.br\/index.php?rest_route=\/wp\/v2\/media\/2871"}],"wp:attachment":[{"href":"https:\/\/mjoffice.com.br\/index.php?rest_route=%2Fwp%2Fv2%2Fmedia&parent=2870"}],"wp:term":[{"taxonomy":"product_brand","embeddable":true,"href":"https:\/\/mjoffice.com.br\/index.php?rest_route=%2Fwp%2Fv2%2Fproduct_brand&post=2870"},{"taxonomy":"product_cat","embeddable":true,"href":"https:\/\/mjoffice.com.br\/index.php?rest_route=%2Fwp%2Fv2%2Fproduct_cat&post=2870"},{"taxonomy":"product_tag","embeddable":true,"href":"https:\/\/mjoffice.com.br\/index.php?rest_route=%2Fwp%2Fv2%2Fproduct_tag&post=2870"}],"curies":[{"name":"wp","href":"https:\/\/api.w.org\/{rel}","templated":true}]}}

<p><strong>Cadeira modelo Diretor base skin em estrutura de ferro, sem braços,  assento e encosto estofado em tecido.</strong><br />
<strong>Ideal para ambientes de trabalho como: auditórios, igrejas, ‘homework’, atendimento e recepção. </strong></p>
<p><strong>Cadeira compacta e resistente. Uma ótima opção para ambientes funcionais.</strong><br />
<strong>Durabilidade e conforto de maneira prática e acessível. Melhor custo-benefício do mercado.</strong></p>
<p><strong>* Informações Técnicas</strong><br />
* Modelo: fixa base skin<br />
* Largura: 60cm<br />
* Altura: 90cm total / 45cm altura do chão até o assento.<br />
* Profundidade: 52cm<br />
* Peso do produto: 25kg<br />
* Marca: Frisokar<br />
* Capacidade (lugares/peso): 01 pessoas/ até 120kg</p>
<p><strong>Assento:</strong><br />
&#8211; Material: Madeira anatômica, espuma injetada, acabamento lateral em torno em perfil<br />
pvc preto.<br />
&#8211; Dimensão: (Alt &#8211; Larg &#8211; Compr) 58cm x 50cm x 7cm<br />
<strong>Encosto:</strong><br />
&#8211; Material: Madeira anatômica, espuma injetada, acabamento lateral em torno em perfil pvc<br />
preto.<br />
&#8211; Dimensão: (ALT &#8211; Larg &#8211; Compr) 60cm x 50cm x 7cm<br />
Base: base skin<br />
&#8211; Estrutura: metalon tubo redondo 7/8&#215;16” soldagem MIG com barra de reforço nas<br />
laterais da base, acabamento ponteira pvc nas extremidades.<br />
<strong>Revestimento:</strong><br />
&#8211; Pintura da estrutura: pintura epóxi eletrostática na cor preta<br />
&#8211; Assento e Encosto: em tecido J serrano<br />
&#8211; Modelo: executiva simples<br />
&#8211; Cor: diversas cores (consulte o vendedor)</p>
<p><strong>Imagens ilustrativas.</strong><br />
&#8211; As tonalidades de cores dos produtos podem variar das visualizadas em monitores e<br />
impressos em geral.<br />
<strong>Dimensões e Peso para envio:</strong><br />
&#8211; Peso / dimensão total: (embalagem/caixa)<br />
25 kg/60 cm × 60 cm × 95 cm (por unidade)</p>

<p>Cadeira modelo Diretor base skin em estrutura de ferro, sem braços,  assento e encosto estofado em tecido. Ideal para ambientes de trabalho como: auditórios, igrejas, ‘homework’, atendimento e recepção. Cadeira compacta e resistente. Uma ótima opção para ambientes funcionais. Durabilidade e conforto de maneira prática e acessível. Melhor custo-benefício do mercado. * Informações Técnicas * [&hellip;]</p>
