{"id":3012,"date":"2023-05-10T09:45:55","date_gmt":"2023-05-10T12:45:55","guid":{"rendered":"https:\/\/mjoffice.com.br\/?post_type=product&#038;p=3012"},"modified":"2023-11-30T17:08:37","modified_gmt":"2023-11-30T20:08:37","slug":"cadeira-diretor-giratoria-estofada-courvim-base-com-relax","status":"publish","type":"product","link":"https:\/\/mjoffice.com.br\/?product=cadeira-diretor-giratoria-estofada-courvim-base-com-relax","title":{"rendered":"Cadeira Diretor Girat\u00f3ria Base Com Relax Sem Bra\u00e7os"},"content":{"rendered":"<p>A cadeira diretor girat\u00f3ria foi projetada para proporcionar conforto e bem estar, tornando o dia-a-dia mais confort\u00e1vel. Utilizada para compor diversos tipos de ambientes profissionais ou particulares.<\/p>\n<p class=\"p1\"><span class=\"s1\"><strong>Assento e encosto<\/strong>: madeira compensada.<\/span><\/p>\n<p class=\"p1\"><span class=\"s1\"><strong>Assento e encosto<\/strong>: espuma injetada com densidade m\u00e9dia de 55kg\/m3<\/span><\/p>\n<p class=\"p1\"><span class=\"s1\"><strong>Revestimento do assento e encosto<\/strong>: em tecido ou courvim <\/span><\/p>\n<p class=\"p1\"><span class=\"s1\"><strong>Base<\/strong>: em a\u00e7o com capa protetora em polipropileno e rod\u00edzios PP.<\/span><\/p>\n<p class=\"p1\"><span class=\"s1\">-Mecanismo relax. Esse mecanismo possui uma alavanca para acionar a regulagem de altura atrav\u00e9s do pist\u00e3o \u00e1 g\u00e1s al\u00e9m de regular o travamento e libera\u00e7\u00e3o do reclinamento simult\u00e2neo\u00a0 do assento e encosto. A tens\u00e3o desse reclinamento\u00a0 \u00e9 ajustada atrav\u00e9s de uma manopla localizada na parte da frente do mecanismo.<\/span><\/p>\n<p class=\"p1\"><span class=\"s1\">\u00a0<\/span><\/p>\n<p class=\"p1\"><strong><span class=\"s1\">Medidas Assento: <\/span><\/strong><\/p>\n<p class=\"p1\"><span class=\"s1\">49 cm largura x 48 cm <\/span><\/p>\n<p class=\"p1\"><span class=\"s1\">profundidade x 70 espessura<\/span><\/p>\n<p class=\"p1\"><span class=\"s1\"><strong>Medidas Encosto<\/strong>: 46 cm largura x 49 cm altura x 70 espessura<\/span><\/p>\n<p class=\"p1\"><strong><span class=\"s1\">Altura do Assento at\u00e9 o ch\u00e3o: <\/span><\/strong><\/p>\n<p class=\"p1\"><span class=\"s1\">42 cm &#8211; m\u00e1ximo 54 cm<\/span><\/p>\n<p class=\"p1\"><strong><span class=\"s1\">Altura total at\u00e9 o ch\u00e3o: <\/span><\/strong><\/p>\n<p class=\"p1\"><span class=\"s1\">m\u00ednimo 96 cm &#8211; m\u00e1ximo 108 cm<\/span><\/p>\n<p class=\"p1\"><span class=\"s1\"><strong>Peso l\u00edquido do produto<\/strong>: 20kg<\/span><\/p>\n<p class=\"p1\"><span class=\"s1\"><strong>Suporta Peso<\/strong>: at\u00e9 120 kg<\/span><\/p>\n<p class=\"p1\"><span class=\"s1\"><strong>Fabricante<\/strong>: MJ office<\/span><\/p>\n","protected":false},"excerpt":{"rendered":"<p>A cadeira diretor girat\u00f3ria foi projetada para proporcionar conforto e bem estar, tornando o dia-a-dia mais confort\u00e1vel. Utilizada para compor diversos tipos de ambientes profissionais ou particulares.<\/p>\n","protected":false},"featured_media":3013,"comment_status":"open","ping_status":"closed","template":"","meta":{"site-sidebar-layout":"default","site-content-layout":"default","ast-site-content-layout":"default","site-content-style":"default","site-sidebar-style":"default","ast-global-header-display":"","ast-banner-title-visibility":"","ast-main-header-display":"","ast-hfb-above-header-display":"","ast-hfb-below-header-display":"","ast-hfb-mobile-header-display":"","site-post-title":"","ast-breadcrumbs-content":"","ast-featured-img":"","footer-sml-layout":"","ast-disable-related-posts":"","theme-transparent-header-meta":"default","adv-header-id-meta":"","stick-header-meta":"","header-above-stick-meta":"","header-main-stick-meta":"","header-below-stick-meta":"","astra-migrate-meta-layouts":"set","ast-page-background-enabled":"default","ast-page-background-meta":{"desktop":{"background-color":"","background-image":"","background-repeat":"repeat","background-position":"center center","background-size":"auto","background-attachment":"scroll","background-type":"","background-media":"","overlay-type":"","overlay-color":"","overlay-opacity":"","overlay-gradient":""},"tablet":{"background-color":"","background-image":"","background-repeat":"repeat","background-position":"center center","background-size":"auto","background-attachment":"scroll","background-type":"","background-media":"","overlay-type":"","overlay-color":"","overlay-opacity":"","overlay-gradient":""},"mobile":{"background-color":"","background-image":"","background-repeat":"repeat","background-position":"center center","background-size":"auto","background-attachment":"scroll","background-type":"","background-media":"","overlay-type":"","overlay-color":"","overlay-opacity":"","overlay-gradient":""}},"ast-content-background-meta":{"desktop":{"background-color":"var(--ast-global-color-5)","background-image":"","background-repeat":"repeat","background-position":"center center","background-size":"auto","background-attachment":"scroll","background-type":"","background-media":"","overlay-type":"","overlay-color":"","overlay-opacity":"","overlay-gradient":""},"tablet":{"background-color":"var(--ast-global-color-5)","background-image":"","background-repeat":"repeat","background-position":"center center","background-size":"auto","background-attachment":"scroll","background-type":"","background-media":"","overlay-type":"","overlay-color":"","overlay-opacity":"","overlay-gradient":""},"mobile":{"background-color":"var(--ast-global-color-5)","background-image":"","background-repeat":"repeat","background-position":"center center","background-size":"auto","background-attachment":"scroll","background-type":"","background-media":"","overlay-type":"","overlay-color":"","overlay-opacity":"","overlay-gradient":""}},"_joinchat":[]},"product_brand":[],"product_cat":[61,69,58],"product_tag":[],"class_list":{"0":"post-3012","1":"product","2":"type-product","3":"status-publish","4":"has-post-thumbnail","6":"product_cat-cadeiras","7":"product_cat-giratoria","8":"product_cat-moveis-empresariais","9":"desktop-align-center","10":"tablet-align-left","11":"mobile-align-left","13":"first","14":"instock","15":"sale","16":"taxable","17":"shipping-taxable","18":"purchasable","19":"product-type-simple"},"_links":{"self":[{"href":"https:\/\/mjoffice.com.br\/index.php?rest_route=\/wp\/v2\/product\/3012","targetHints":{"allow":["GET"]}}],"collection":[{"href":"https:\/\/mjoffice.com.br\/index.php?rest_route=\/wp\/v2\/product"}],"about":[{"href":"https:\/\/mjoffice.com.br\/index.php?rest_route=\/wp\/v2\/types\/product"}],"replies":[{"embeddable":true,"href":"https:\/\/mjoffice.com.br\/index.php?rest_route=%2Fwp%2Fv2%2Fcomments&post=3012"}],"version-history":[{"count":0,"href":"https:\/\/mjoffice.com.br\/index.php?rest_route=\/wp\/v2\/product\/3012\/revisions"}],"wp:featuredmedia":[{"embeddable":true,"href":"https:\/\/mjoffice.com.br\/index.php?rest_route=\/wp\/v2\/media\/3013"}],"wp:attachment":[{"href":"https:\/\/mjoffice.com.br\/index.php?rest_route=%2Fwp%2Fv2%2Fmedia&parent=3012"}],"wp:term":[{"taxonomy":"product_brand","embeddable":true,"href":"https:\/\/mjoffice.com.br\/index.php?rest_route=%2Fwp%2Fv2%2Fproduct_brand&post=3012"},{"taxonomy":"product_cat","embeddable":true,"href":"https:\/\/mjoffice.com.br\/index.php?rest_route=%2Fwp%2Fv2%2Fproduct_cat&post=3012"},{"taxonomy":"product_tag","embeddable":true,"href":"https:\/\/mjoffice.com.br\/index.php?rest_route=%2Fwp%2Fv2%2Fproduct_tag&post=3012"}],"curies":[{"name":"wp","href":"https:\/\/api.w.org\/{rel}","templated":true}]}}

Cadeira Diretor Giratória Base Com Relax Sem Braços

<p>A cadeira diretor giratória foi projetada para proporcionar conforto e bem estar, tornando o dia-a-dia mais confortável. Utilizada para compor diversos tipos de ambientes profissionais ou particulares.</p>
<p class="p1"><span class="s1"><strong>Assento e encosto</strong>: madeira compensada.</span></p>
<p class="p1"><span class="s1"><strong>Assento e encosto</strong>: espuma injetada com densidade média de 55kg/m3</span></p>
<p class="p1"><span class="s1"><strong>Revestimento do assento e encosto</strong>: em tecido ou courvim </span></p>
<p class="p1"><span class="s1"><strong>Base</strong>: em aço com capa protetora em polipropileno e rodízios PP.</span></p>
<p class="p1"><span class="s1">-Mecanismo relax. Esse mecanismo possui uma alavanca para acionar a regulagem de altura através do pistão á gás além de regular o travamento e liberação do reclinamento simultâneo  do assento e encosto. A tensão desse reclinamento  é ajustada através de uma manopla localizada na parte da frente do mecanismo.</span></p>
<p class="p1"><span class="s1"> </span></p>
<p class="p1"><strong><span class="s1">Medidas Assento: </span></strong></p>
<p class="p1"><span class="s1">49 cm largura x 48 cm </span></p>
<p class="p1"><span class="s1">profundidade x 70 espessura</span></p>
<p class="p1"><span class="s1"><strong>Medidas Encosto</strong>: 46 cm largura x 49 cm altura x 70 espessura</span></p>
<p class="p1"><strong><span class="s1">Altura do Assento até o chão: </span></strong></p>
<p class="p1"><span class="s1">42 cm &#8211; máximo 54 cm</span></p>
<p class="p1"><strong><span class="s1">Altura total até o chão: </span></strong></p>
<p class="p1"><span class="s1">mínimo 96 cm &#8211; máximo 108 cm</span></p>
<p class="p1"><span class="s1"><strong>Peso líquido do produto</strong>: 20kg</span></p>
<p class="p1"><span class="s1"><strong>Suporta Peso</strong>: até 120 kg</span></p>
<p class="p1"><span class="s1"><strong>Fabricante</strong>: MJ office</span></p>

<p>A cadeira diretor giratória foi projetada para proporcionar conforto e bem estar, tornando o dia-a-dia mais confortável. Utilizada para compor diversos tipos de ambientes profissionais ou particulares.</p>
