{"id":3275,"date":"2023-05-11T16:02:56","date_gmt":"2023-05-11T19:02:56","guid":{"rendered":"https:\/\/mjoffice.com.br\/?post_type=product&#038;p=3275"},"modified":"2024-12-26T15:56:12","modified_gmt":"2024-12-26T18:56:12","slug":"conjunto-escolar-professor-fnde-cjp-1","status":"publish","type":"product","link":"https:\/\/mjoffice.com.br\/?product=conjunto-escolar-professor-fnde-cjp-1","title":{"rendered":"Conjunto Escolar Professor FNDE CJP 1"},"content":{"rendered":"<div class=\"mb-5\">\n<h3 class=\"product\">Cadeira Professor<\/h3>\n<h5 class=\"category\">FNDE<\/h5>\n<p class=\"m-0\">Ref: CJP-01 Cadeira<\/p>\n<div>\n<p class=\"conteudo show\">Estrutura em tubo de a\u00e7o 20,7mm, em chapa 14 (1,90mm). Ponteiras e sapatas em polipropileno injetados na cor cinza, fixadas \u00e0 estrutura atrav\u00e9s de encaixe e pino expansor. Nos moldes das ponteiras e sapatas da cadeira deve ser grafado o s\u00edmbolo internacional de reciclagem, apresentando o n\u00famero identificador do pol\u00edmero e o nome da empresa fabricante do componente injetado. Pintura dos elementos met\u00e1licos com tinta em p\u00f3 h\u00edbrida ep\u00f3xi, eletrost\u00e1tica brilhante, polimerizada em estufa, espessura m\u00ednima de 40 microns na cor cinza. Assento(400x430mm) e encosto (396 x 198mm) em polipropileno copol\u00edmero virgem e sem cargas, injetados, moldados anatomicamente, pigmentados na cor cinza. Fixa\u00e7\u00e3o do assento e encosto \u00e0 estrutura atrav\u00e9s de rebites de repuxo 4,8mm, comprimento 16mm. Nos moldes do assento e encosto deve ser grafado com o s\u00edmbolo internacional de reciclagem, apresentando o n\u00famero identificador do pol\u00edmero e o nome da empresa fabricante do componente injetado. As pe\u00e7as injetadas n\u00e3o devem apresentar rebarbas, falhas de inje\u00e7\u00e3o ou partes cortantes. Nas partes met\u00e1licas deve ser aplicado tratamento anti-ferruginoso que assegure resist\u00eancia \u00e0 corros\u00e3o em c\u00e2mara de n\u00e9voa salina. Solda deve possuir superf\u00edcie lisa e homog\u00eanea, n\u00e3o devendo apresentar pontos cortantes, superf\u00edcies \u00e1speras ou esc\u00f3rias. Todos os encontros de tubos devem receber solda em todo o per\u00edmetro de uni\u00e3o. Devem ser eliminados respingos ou irregularidade de solda, rebarbas e arredondados os cantos agudos. Altura do assento ao ch\u00e3o 460mm<\/p>\n<h3 class=\"product\">Mesa Professor<\/h3>\n<h5 class=\"category\">FNDE<\/h5>\n<p class=\"m-0\">Ref: CJP-01 Mesa<\/p>\n<div>\n<p class=\"conteudo show\">Laterais e suporte da saia em tubo de a\u00e7o de 29x58mm em chapa 16(1,5mm) e suporte da saia em tubo 25&#215;60(parede 1,50mm). Travessa superior confeccionada em tubo de a\u00e7o sec\u00e7\u00e3o circular 31,75mm (1 \u00bc\u201d) chapa 16(1,5mm). P\u00e9s em tubo de a\u00e7o sec\u00e7\u00e3o circular 38mm (1 \u00bd\u201d) em chapa 16(1,5mm). Fechamento com ponteiras e sapatas em polipropileno injetadas na cor cinza, fixadas \u00e0 estrutura atrav\u00e9s de encaixe e rebites de repuxo 4.8x16mm. Nos moldes das ponteiras e sapatas da mesa deve ser grafado o s\u00edmbolo internacional de reciclagem, apresentando o n\u00famero identificador do pol\u00edmero e o nome da empresa fabricante do componente injetado. As pe\u00e7as injetadas n\u00e3o devem apresentar rebarbas, falhas de inje\u00e7\u00e3o ou partes cortantes. Nas partes met\u00e1licas deve ser aplicado tratamento anti-ferruginoso que assegure resist\u00eancia \u00e0 corros\u00e3o em c\u00e2mara de n\u00e9voa salina. Solda deve possuir superf\u00edcie lisa e homog\u00eanea, n\u00e3o devendo apresentar pontos cortantes, superf\u00edcies \u00e1speras ou esc\u00f3rias. Todos os encontros de tubos devem receber solda em todo o per\u00edmetro de uni\u00e3o. Devem ser eliminados respingos ou irregularidade de solda, rebarbas e arredondados os cantos agudos. Tampo(1200x650mm) em madeira aglomerada (MDP) de 18mm de espessura revestido na face superior em laminado melam\u00ednico de alta press\u00e3o, 0,8mm de espessura, acabamento texturizado na cor cinza e na face inferior em chapa de balanceamento &#8211; contra placa fen\u00f3lica de 0,6mm. Fitas de bordo em PVC com \u201cprimer\u201d, acabamento texturizado na cor cinza coladas com adesivo \u201chot melting\u201d, dimens\u00f5es nominais de 22mm(largura) x 3mm(espessura). Fixa\u00e7\u00e3o do tampo \u00e0 estrutura atrav\u00e9s de 06 porcas garra rosca m\u00e9trica m6(di\u00e2metro 6mm e comprimento 10mm), 06 parafusos rosca m\u00e9trica M6(di\u00e2metro 6mm), comprimento 47mm cabe\u00e7a panela Philips. Painel frontal em madeira aglomerada (MDP), com espessura de 18mm, revestido nas duas faces em laminado melam\u00ednico de baixa press\u00e3o \u2013 BP, acabamento frost, na cor cinza. Dimens\u00f5es acabadas de 250mm (largura) x 1119mm (comprimento) x 18mm (espessura) admitindo-se toler\u00e2ncias de +\/- 1mm para largura e comprimento e +\/- 0,3mm para espessura. Fixa\u00e7\u00e3o do painel \u00e0 estrutura atrav\u00e9s de aletas de fixa\u00e7\u00e3o em n\u00famero de 06 chapa 14(parede 1,90mm) nas dimens\u00f5es 35&#215;25 e parafusos auto atarraxantes 4.8x16mm. Pintura dos elementos met\u00e1licos com tinta em p\u00f3 h\u00edbrida ep\u00f3xi, eletrost\u00e1tica brilhante, polimerizada em estufa, espessura m\u00ednima de 40 microns na cor cinza. Altura da mesa: 760mm.<\/p>\n<\/div>\n<\/div>\n<\/div>\n","protected":false},"excerpt":{"rendered":"<p>Cadeira Professor FNDE Ref: CJP-01 Cadeira Estrutura em tubo de a\u00e7o 20,7mm, em chapa 14 (1,90mm). Ponteiras e sapatas em polipropileno injetados na cor cinza, fixadas \u00e0 estrutura atrav\u00e9s de encaixe e pino expansor. Nos moldes das ponteiras e sapatas da cadeira deve ser grafado o s\u00edmbolo internacional de reciclagem, apresentando o n\u00famero identificador do [&hellip;]<\/p>\n","protected":false},"featured_media":3276,"comment_status":"open","ping_status":"closed","template":"","meta":{"site-sidebar-layout":"default","site-content-layout":"default","ast-site-content-layout":"default","site-content-style":"default","site-sidebar-style":"default","ast-global-header-display":"","ast-banner-title-visibility":"","ast-main-header-display":"","ast-hfb-above-header-display":"","ast-hfb-below-header-display":"","ast-hfb-mobile-header-display":"","site-post-title":"","ast-breadcrumbs-content":"","ast-featured-img":"","footer-sml-layout":"","ast-disable-related-posts":"","theme-transparent-header-meta":"default","adv-header-id-meta":"","stick-header-meta":"","header-above-stick-meta":"","header-main-stick-meta":"","header-below-stick-meta":"","astra-migrate-meta-layouts":"set","ast-page-background-enabled":"default","ast-page-background-meta":{"desktop":{"background-color":"","background-image":"","background-repeat":"repeat","background-position":"center center","background-size":"auto","background-attachment":"scroll","background-type":"","background-media":"","overlay-type":"","overlay-color":"","overlay-opacity":"","overlay-gradient":""},"tablet":{"background-color":"","background-image":"","background-repeat":"repeat","background-position":"center center","background-size":"auto","background-attachment":"scroll","background-type":"","background-media":"","overlay-type":"","overlay-color":"","overlay-opacity":"","overlay-gradient":""},"mobile":{"background-color":"","background-image":"","background-repeat":"repeat","background-position":"center center","background-size":"auto","background-attachment":"scroll","background-type":"","background-media":"","overlay-type":"","overlay-color":"","overlay-opacity":"","overlay-gradient":""}},"ast-content-background-meta":{"desktop":{"background-color":"var(--ast-global-color-5)","background-image":"","background-repeat":"repeat","background-position":"center center","background-size":"auto","background-attachment":"scroll","background-type":"","background-media":"","overlay-type":"","overlay-color":"","overlay-opacity":"","overlay-gradient":""},"tablet":{"background-color":"var(--ast-global-color-5)","background-image":"","background-repeat":"repeat","background-position":"center center","background-size":"auto","background-attachment":"scroll","background-type":"","background-media":"","overlay-type":"","overlay-color":"","overlay-opacity":"","overlay-gradient":""},"mobile":{"background-color":"var(--ast-global-color-5)","background-image":"","background-repeat":"repeat","background-position":"center center","background-size":"auto","background-attachment":"scroll","background-type":"","background-media":"","overlay-type":"","overlay-color":"","overlay-opacity":"","overlay-gradient":""}},"_joinchat":[]},"product_brand":[],"product_cat":[90,57],"product_tag":[],"class_list":{"0":"post-3275","1":"product","2":"type-product","3":"status-publish","4":"has-post-thumbnail","6":"product_cat-conjuntos-fnde","7":"product_cat-moveis-escolares","8":"desktop-align-center","9":"tablet-align-left","10":"mobile-align-left","12":"first","13":"instock","14":"taxable","15":"shipping-taxable","16":"purchasable","17":"product-type-simple"},"_links":{"self":[{"href":"https:\/\/mjoffice.com.br\/index.php?rest_route=\/wp\/v2\/product\/3275","targetHints":{"allow":["GET"]}}],"collection":[{"href":"https:\/\/mjoffice.com.br\/index.php?rest_route=\/wp\/v2\/product"}],"about":[{"href":"https:\/\/mjoffice.com.br\/index.php?rest_route=\/wp\/v2\/types\/product"}],"replies":[{"embeddable":true,"href":"https:\/\/mjoffice.com.br\/index.php?rest_route=%2Fwp%2Fv2%2Fcomments&post=3275"}],"version-history":[{"count":3,"href":"https:\/\/mjoffice.com.br\/index.php?rest_route=\/wp\/v2\/product\/3275\/revisions"}],"predecessor-version":[{"id":5977,"href":"https:\/\/mjoffice.com.br\/index.php?rest_route=\/wp\/v2\/product\/3275\/revisions\/5977"}],"wp:featuredmedia":[{"embeddable":true,"href":"https:\/\/mjoffice.com.br\/index.php?rest_route=\/wp\/v2\/media\/3276"}],"wp:attachment":[{"href":"https:\/\/mjoffice.com.br\/index.php?rest_route=%2Fwp%2Fv2%2Fmedia&parent=3275"}],"wp:term":[{"taxonomy":"product_brand","embeddable":true,"href":"https:\/\/mjoffice.com.br\/index.php?rest_route=%2Fwp%2Fv2%2Fproduct_brand&post=3275"},{"taxonomy":"product_cat","embeddable":true,"href":"https:\/\/mjoffice.com.br\/index.php?rest_route=%2Fwp%2Fv2%2Fproduct_cat&post=3275"},{"taxonomy":"product_tag","embeddable":true,"href":"https:\/\/mjoffice.com.br\/index.php?rest_route=%2Fwp%2Fv2%2Fproduct_tag&post=3275"}],"curies":[{"name":"wp","href":"https:\/\/api.w.org\/{rel}","templated":true}]}}