{"id":3290,"date":"2023-05-11T16:14:40","date_gmt":"2023-05-11T19:14:40","guid":{"rendered":"https:\/\/mjoffice.com.br\/?post_type=product&#038;p=3290"},"modified":"2026-01-08T17:20:52","modified_gmt":"2026-01-08T20:20:52","slug":"conjunto-escolar-tipo-fnde-cja-6","status":"publish","type":"product","link":"https:\/\/mjoffice.com.br\/?product=conjunto-escolar-tipo-fnde-cja-6","title":{"rendered":"Conjunto Escolar Individual &#8211; p\u00e9s 50&#215;30 -Tampo MDP cinza &#8211; cadeira tipo FNDE CJA 6"},"content":{"rendered":"<p>Conjunto escolar &#8211; aluno individual &#8211; mesa + cadeira.<br \/>\nMesa estrutura de ferro cinza ou preto &#8211; metalon 50&#215;30 &#8211; com ponteiras cinza ou azul.<br \/>\nTampo 60&#215;45 em mdp 18 mm cinza &#8211; com perfil pvc cinza ou azul.<\/p>\n<p>Com porta livros gradeado ou de polipropileno cinza FNDE.<\/p>\n<p>Cadeira tubo 7\/8 cinza &#8211; assento e encosto resina pl\u00e1stica azul FNDE.<\/p>\n<p>Similar ao CJA06 &#8211; (1,59 a 1,88)<\/p>\n<p>Fundamental 2 e ensino m\u00e9dio.<\/p>\n<p>Cart\u00e3o de cr\u00e9dito at\u00e9 10 x sem juros.<\/p>\n<p>Pe\u00e7a seu or\u00e7amento.<\/p>\n","protected":false},"excerpt":{"rendered":"<p>Conjunto escolar &#8211; aluno individual &#8211; mesa + cadeira. Mesa estrutura de ferro cinza ou preto &#8211; metalon 50&#215;30 &#8211; com ponteiras cinza ou azul. Tampo 60&#215;45 em mdp 18 mm cinza &#8211; com perfil pvc cinza ou azul. Com porta livros gradeado ou de polipropileno cinza FNDE. Cadeira tubo 7\/8 cinza &#8211; assento e [&hellip;]<\/p>\n","protected":false},"featured_media":3291,"comment_status":"open","ping_status":"closed","template":"","meta":{"site-sidebar-layout":"default","site-content-layout":"default","ast-site-content-layout":"default","site-content-style":"default","site-sidebar-style":"default","ast-global-header-display":"","ast-banner-title-visibility":"","ast-main-header-display":"","ast-hfb-above-header-display":"","ast-hfb-below-header-display":"","ast-hfb-mobile-header-display":"","site-post-title":"","ast-breadcrumbs-content":"","ast-featured-img":"","footer-sml-layout":"","ast-disable-related-posts":"","theme-transparent-header-meta":"default","adv-header-id-meta":"","stick-header-meta":"","header-above-stick-meta":"","header-main-stick-meta":"","header-below-stick-meta":"","astra-migrate-meta-layouts":"set","ast-page-background-enabled":"default","ast-page-background-meta":{"desktop":{"background-color":"","background-image":"","background-repeat":"repeat","background-position":"center center","background-size":"auto","background-attachment":"scroll","background-type":"","background-media":"","overlay-type":"","overlay-color":"","overlay-opacity":"","overlay-gradient":""},"tablet":{"background-color":"","background-image":"","background-repeat":"repeat","background-position":"center center","background-size":"auto","background-attachment":"scroll","background-type":"","background-media":"","overlay-type":"","overlay-color":"","overlay-opacity":"","overlay-gradient":""},"mobile":{"background-color":"","background-image":"","background-repeat":"repeat","background-position":"center center","background-size":"auto","background-attachment":"scroll","background-type":"","background-media":"","overlay-type":"","overlay-color":"","overlay-opacity":"","overlay-gradient":""}},"ast-content-background-meta":{"desktop":{"background-color":"var(--ast-global-color-5)","background-image":"","background-repeat":"repeat","background-position":"center center","background-size":"auto","background-attachment":"scroll","background-type":"","background-media":"","overlay-type":"","overlay-color":"","overlay-opacity":"","overlay-gradient":""},"tablet":{"background-color":"var(--ast-global-color-5)","background-image":"","background-repeat":"repeat","background-position":"center center","background-size":"auto","background-attachment":"scroll","background-type":"","background-media":"","overlay-type":"","overlay-color":"","overlay-opacity":"","overlay-gradient":""},"mobile":{"background-color":"var(--ast-global-color-5)","background-image":"","background-repeat":"repeat","background-position":"center center","background-size":"auto","background-attachment":"scroll","background-type":"","background-media":"","overlay-type":"","overlay-color":"","overlay-opacity":"","overlay-gradient":""}},"_joinchat":[]},"product_brand":[],"product_cat":[77,57],"product_tag":[],"class_list":{"0":"post-3290","1":"product","2":"type-product","3":"status-publish","4":"has-post-thumbnail","6":"product_cat-conjuntos","7":"product_cat-moveis-escolares","8":"desktop-align-center","9":"tablet-align-left","10":"mobile-align-left","12":"first","13":"instock","14":"taxable","15":"shipping-taxable","16":"purchasable","17":"product-type-simple"},"_links":{"self":[{"href":"https:\/\/mjoffice.com.br\/index.php?rest_route=\/wp\/v2\/product\/3290","targetHints":{"allow":["GET"]}}],"collection":[{"href":"https:\/\/mjoffice.com.br\/index.php?rest_route=\/wp\/v2\/product"}],"about":[{"href":"https:\/\/mjoffice.com.br\/index.php?rest_route=\/wp\/v2\/types\/product"}],"replies":[{"embeddable":true,"href":"https:\/\/mjoffice.com.br\/index.php?rest_route=%2Fwp%2Fv2%2Fcomments&post=3290"}],"version-history":[{"count":5,"href":"https:\/\/mjoffice.com.br\/index.php?rest_route=\/wp\/v2\/product\/3290\/revisions"}],"predecessor-version":[{"id":6855,"href":"https:\/\/mjoffice.com.br\/index.php?rest_route=\/wp\/v2\/product\/3290\/revisions\/6855"}],"wp:featuredmedia":[{"embeddable":true,"href":"https:\/\/mjoffice.com.br\/index.php?rest_route=\/wp\/v2\/media\/3291"}],"wp:attachment":[{"href":"https:\/\/mjoffice.com.br\/index.php?rest_route=%2Fwp%2Fv2%2Fmedia&parent=3290"}],"wp:term":[{"taxonomy":"product_brand","embeddable":true,"href":"https:\/\/mjoffice.com.br\/index.php?rest_route=%2Fwp%2Fv2%2Fproduct_brand&post=3290"},{"taxonomy":"product_cat","embeddable":true,"href":"https:\/\/mjoffice.com.br\/index.php?rest_route=%2Fwp%2Fv2%2Fproduct_cat&post=3290"},{"taxonomy":"product_tag","embeddable":true,"href":"https:\/\/mjoffice.com.br\/index.php?rest_route=%2Fwp%2Fv2%2Fproduct_tag&post=3290"}],"curies":[{"name":"wp","href":"https:\/\/api.w.org\/{rel}","templated":true}]}}