{"id":5431,"date":"2024-03-26T11:52:29","date_gmt":"2024-03-26T14:52:29","guid":{"rendered":"https:\/\/mjoffice.com.br\/?post_type=product&#038;p=5431"},"modified":"2025-02-04T12:48:21","modified_gmt":"2025-02-04T15:48:21","slug":"cadeira-de-escritorio-secretaria-executiva-giratoria-mj-office","status":"publish","type":"product","link":"https:\/\/mjoffice.com.br\/?product=cadeira-de-escritorio-secretaria-executiva-giratoria-mj-office","title":{"rendered":"Cadeira de Escrit\u00f3rio secret\u00e1ria executiva girat\u00f3ria MJ Office"},"content":{"rendered":"<p>CADEIRA DE ESCRIT\u00d3RIO, SECRET\u00c1RIA\u00a0 MODELO EXECUTIVA MJ OFFICE &#8211; ESPUMA INJETADA ANAT\u00d4MICA &#8211; PROPORCIONA CONFORTO NO ASSENTO E ENCOSTO &#8211; REVESTIMENTO EM TECIDO J.SERRANO.<\/p>\n<p>BASE GIRAT\u00d3RIA COM PIST\u00c3O A G\u00c1S CLASSE 3 &#8211; SUPORTA AT\u00c9 110 KG.<br \/>\nSEM BRA\u00c7OS.<br \/>\nCOM L SANFONADO SEM REGULAGEM UNINDO O ENCOSTO AO ASSENTO.<\/p>\n","protected":false},"excerpt":{"rendered":"<p>CADEIRA DE ESCRIT\u00d3RIO, SECRET\u00c1RIA\u00a0 MODELO EXECUTIVA MJ OFFICE &#8211; ESPUMA INJETADA ANAT\u00d4MICA &#8211; PROPORCIONA CONFORTO NO ASSENTO E ENCOSTO &#8211; REVESTIMENTO EM TECIDO J.SERRANO. BASE GIRAT\u00d3RIA COM PIST\u00c3O A G\u00c1S CLASSE 3 &#8211; SUPORTA AT\u00c9 110 KG. SEM BRA\u00c7OS. COM L SANFONADO SEM REGULAGEM UNINDO O ENCOSTO AO ASSENTO.<\/p>\n","protected":false},"featured_media":5433,"comment_status":"open","ping_status":"closed","template":"","meta":{"site-sidebar-layout":"default","site-content-layout":"","ast-site-content-layout":"default","site-content-style":"default","site-sidebar-style":"default","ast-global-header-display":"","ast-banner-title-visibility":"","ast-main-header-display":"","ast-hfb-above-header-display":"","ast-hfb-below-header-display":"","ast-hfb-mobile-header-display":"","site-post-title":"","ast-breadcrumbs-content":"","ast-featured-img":"","footer-sml-layout":"","ast-disable-related-posts":"","theme-transparent-header-meta":"default","adv-header-id-meta":"","stick-header-meta":"","header-above-stick-meta":"","header-main-stick-meta":"","header-below-stick-meta":"","astra-migrate-meta-layouts":"set","ast-page-background-enabled":"default","ast-page-background-meta":{"desktop":{"background-color":"","background-image":"","background-repeat":"repeat","background-position":"center center","background-size":"auto","background-attachment":"scroll","background-type":"","background-media":"","overlay-type":"","overlay-color":"","overlay-opacity":"","overlay-gradient":""},"tablet":{"background-color":"","background-image":"","background-repeat":"repeat","background-position":"center center","background-size":"auto","background-attachment":"scroll","background-type":"","background-media":"","overlay-type":"","overlay-color":"","overlay-opacity":"","overlay-gradient":""},"mobile":{"background-color":"","background-image":"","background-repeat":"repeat","background-position":"center center","background-size":"auto","background-attachment":"scroll","background-type":"","background-media":"","overlay-type":"","overlay-color":"","overlay-opacity":"","overlay-gradient":""}},"ast-content-background-meta":{"desktop":{"background-color":"var(--ast-global-color-5)","background-image":"","background-repeat":"repeat","background-position":"center center","background-size":"auto","background-attachment":"scroll","background-type":"","background-media":"","overlay-type":"","overlay-color":"","overlay-opacity":"","overlay-gradient":""},"tablet":{"background-color":"var(--ast-global-color-5)","background-image":"","background-repeat":"repeat","background-position":"center center","background-size":"auto","background-attachment":"scroll","background-type":"","background-media":"","overlay-type":"","overlay-color":"","overlay-opacity":"","overlay-gradient":""},"mobile":{"background-color":"var(--ast-global-color-5)","background-image":"","background-repeat":"repeat","background-position":"center center","background-size":"auto","background-attachment":"scroll","background-type":"","background-media":"","overlay-type":"","overlay-color":"","overlay-opacity":"","overlay-gradient":""}},"_joinchat":[]},"product_brand":[],"product_cat":[69],"product_tag":[],"class_list":{"0":"post-5431","1":"product","2":"type-product","3":"status-publish","4":"has-post-thumbnail","6":"product_cat-giratoria","7":"desktop-align-center","8":"tablet-align-left","9":"mobile-align-left","11":"first","12":"instock","13":"taxable","14":"shipping-taxable","15":"purchasable","16":"product-type-simple"},"_links":{"self":[{"href":"https:\/\/mjoffice.com.br\/index.php?rest_route=\/wp\/v2\/product\/5431","targetHints":{"allow":["GET"]}}],"collection":[{"href":"https:\/\/mjoffice.com.br\/index.php?rest_route=\/wp\/v2\/product"}],"about":[{"href":"https:\/\/mjoffice.com.br\/index.php?rest_route=\/wp\/v2\/types\/product"}],"replies":[{"embeddable":true,"href":"https:\/\/mjoffice.com.br\/index.php?rest_route=%2Fwp%2Fv2%2Fcomments&post=5431"}],"version-history":[{"count":1,"href":"https:\/\/mjoffice.com.br\/index.php?rest_route=\/wp\/v2\/product\/5431\/revisions"}],"predecessor-version":[{"id":5435,"href":"https:\/\/mjoffice.com.br\/index.php?rest_route=\/wp\/v2\/product\/5431\/revisions\/5435"}],"wp:featuredmedia":[{"embeddable":true,"href":"https:\/\/mjoffice.com.br\/index.php?rest_route=\/wp\/v2\/media\/5433"}],"wp:attachment":[{"href":"https:\/\/mjoffice.com.br\/index.php?rest_route=%2Fwp%2Fv2%2Fmedia&parent=5431"}],"wp:term":[{"taxonomy":"product_brand","embeddable":true,"href":"https:\/\/mjoffice.com.br\/index.php?rest_route=%2Fwp%2Fv2%2Fproduct_brand&post=5431"},{"taxonomy":"product_cat","embeddable":true,"href":"https:\/\/mjoffice.com.br\/index.php?rest_route=%2Fwp%2Fv2%2Fproduct_cat&post=5431"},{"taxonomy":"product_tag","embeddable":true,"href":"https:\/\/mjoffice.com.br\/index.php?rest_route=%2Fwp%2Fv2%2Fproduct_tag&post=5431"}],"curies":[{"name":"wp","href":"https:\/\/api.w.org\/{rel}","templated":true}]}}