{"id":6061,"date":"2025-02-04T11:28:22","date_gmt":"2025-02-04T14:28:22","guid":{"rendered":"https:\/\/mjoffice.com.br\/?post_type=product&#038;p=6061"},"modified":"2025-02-04T11:28:22","modified_gmt":"2025-02-04T14:28:22","slug":"cadeira-presidente-sem-bracos","status":"publish","type":"product","link":"https:\/\/mjoffice.com.br\/?product=cadeira-presidente-sem-bracos","title":{"rendered":"Cadeira Presidente sem bra\u00e7os"},"content":{"rendered":"<p>A Cadeira Presidente Frisokar combina funcionalidade com simplicidade, oferecendo uma solu\u00e7\u00e3o econ\u00f4mica e ergon\u00f4mica para o seu escrit\u00f3rio. Com op\u00e7\u00f5es de personaliza\u00e7\u00e3o que incluem kits de base, bra\u00e7os, tipos de espuma, estruturas, l\u00e2minas e sanfonas, esta cadeira adapta-se \u00e0s suas necessidades espec\u00edficas sem comprometer o conforto.<\/p>\n<p>Ideal para longas horas de trabalho, sua ergonomia \u00e9 projetada para manter a postura correta, minimizando o desconforto e fadiga. Pr\u00e1tica e acess\u00edvel, a Cadeira Presidente Frisokar \u00e9 perfeita para quem busca efici\u00eancia e conforto em um produto de excelente custo-benef\u00edcio.<\/p>\n","protected":false},"excerpt":{"rendered":"<p>A Cadeira Presidente Frisokar combina funcionalidade com simplicidade, oferecendo uma solu\u00e7\u00e3o econ\u00f4mica e ergon\u00f4mica para o seu escrit\u00f3rio. Com op\u00e7\u00f5es de personaliza\u00e7\u00e3o que incluem kits de base, bra\u00e7os, tipos de espuma, estruturas, l\u00e2minas e sanfonas, esta cadeira adapta-se \u00e0s suas necessidades espec\u00edficas sem comprometer o conforto. Ideal para longas horas de trabalho, sua ergonomia \u00e9 [&hellip;]<\/p>\n","protected":false},"featured_media":6063,"comment_status":"open","ping_status":"closed","template":"","meta":{"site-sidebar-layout":"default","site-content-layout":"","ast-site-content-layout":"default","site-content-style":"default","site-sidebar-style":"default","ast-global-header-display":"","ast-banner-title-visibility":"","ast-main-header-display":"","ast-hfb-above-header-display":"","ast-hfb-below-header-display":"","ast-hfb-mobile-header-display":"","site-post-title":"","ast-breadcrumbs-content":"","ast-featured-img":"","footer-sml-layout":"","ast-disable-related-posts":"","theme-transparent-header-meta":"default","adv-header-id-meta":"","stick-header-meta":"","header-above-stick-meta":"","header-main-stick-meta":"","header-below-stick-meta":"","astra-migrate-meta-layouts":"set","ast-page-background-enabled":"default","ast-page-background-meta":{"desktop":{"background-color":"","background-image":"","background-repeat":"repeat","background-position":"center center","background-size":"auto","background-attachment":"scroll","background-type":"","background-media":"","overlay-type":"","overlay-color":"","overlay-opacity":"","overlay-gradient":""},"tablet":{"background-color":"","background-image":"","background-repeat":"repeat","background-position":"center center","background-size":"auto","background-attachment":"scroll","background-type":"","background-media":"","overlay-type":"","overlay-color":"","overlay-opacity":"","overlay-gradient":""},"mobile":{"background-color":"","background-image":"","background-repeat":"repeat","background-position":"center center","background-size":"auto","background-attachment":"scroll","background-type":"","background-media":"","overlay-type":"","overlay-color":"","overlay-opacity":"","overlay-gradient":""}},"ast-content-background-meta":{"desktop":{"background-color":"var(--ast-global-color-5)","background-image":"","background-repeat":"repeat","background-position":"center center","background-size":"auto","background-attachment":"scroll","background-type":"","background-media":"","overlay-type":"","overlay-color":"","overlay-opacity":"","overlay-gradient":""},"tablet":{"background-color":"var(--ast-global-color-5)","background-image":"","background-repeat":"repeat","background-position":"center center","background-size":"auto","background-attachment":"scroll","background-type":"","background-media":"","overlay-type":"","overlay-color":"","overlay-opacity":"","overlay-gradient":""},"mobile":{"background-color":"var(--ast-global-color-5)","background-image":"","background-repeat":"repeat","background-position":"center center","background-size":"auto","background-attachment":"scroll","background-type":"","background-media":"","overlay-type":"","overlay-color":"","overlay-opacity":"","overlay-gradient":""}},"_joinchat":[]},"product_brand":[],"product_cat":[69,16],"product_tag":[],"class_list":{"0":"post-6061","1":"product","2":"type-product","3":"status-publish","4":"has-post-thumbnail","6":"product_cat-giratoria","7":"product_cat-sem-categoria","8":"desktop-align-center","9":"tablet-align-left","10":"mobile-align-left","12":"first","13":"instock","14":"sale","15":"taxable","16":"shipping-taxable","17":"purchasable","18":"product-type-simple"},"_links":{"self":[{"href":"https:\/\/mjoffice.com.br\/index.php?rest_route=\/wp\/v2\/product\/6061","targetHints":{"allow":["GET"]}}],"collection":[{"href":"https:\/\/mjoffice.com.br\/index.php?rest_route=\/wp\/v2\/product"}],"about":[{"href":"https:\/\/mjoffice.com.br\/index.php?rest_route=\/wp\/v2\/types\/product"}],"replies":[{"embeddable":true,"href":"https:\/\/mjoffice.com.br\/index.php?rest_route=%2Fwp%2Fv2%2Fcomments&post=6061"}],"version-history":[{"count":2,"href":"https:\/\/mjoffice.com.br\/index.php?rest_route=\/wp\/v2\/product\/6061\/revisions"}],"predecessor-version":[{"id":6064,"href":"https:\/\/mjoffice.com.br\/index.php?rest_route=\/wp\/v2\/product\/6061\/revisions\/6064"}],"wp:featuredmedia":[{"embeddable":true,"href":"https:\/\/mjoffice.com.br\/index.php?rest_route=\/wp\/v2\/media\/6063"}],"wp:attachment":[{"href":"https:\/\/mjoffice.com.br\/index.php?rest_route=%2Fwp%2Fv2%2Fmedia&parent=6061"}],"wp:term":[{"taxonomy":"product_brand","embeddable":true,"href":"https:\/\/mjoffice.com.br\/index.php?rest_route=%2Fwp%2Fv2%2Fproduct_brand&post=6061"},{"taxonomy":"product_cat","embeddable":true,"href":"https:\/\/mjoffice.com.br\/index.php?rest_route=%2Fwp%2Fv2%2Fproduct_cat&post=6061"},{"taxonomy":"product_tag","embeddable":true,"href":"https:\/\/mjoffice.com.br\/index.php?rest_route=%2Fwp%2Fv2%2Fproduct_tag&post=6061"}],"curies":[{"name":"wp","href":"https:\/\/api.w.org\/{rel}","templated":true}]}}